*k. What is the units digit of k?
6
Suppose 3*r + 6864 = 6*r. Suppose -13*h = -2*h - r. Let y = h - 109. What is the tens digit of y?
9
Let b(x) = 40*x**3 + 7*x**2 - 59*x + 314. What is the hundreds digit of b(6)?
8
Let o(p) = 3*p - 3*p**2 - 4*p**2 + 0*p - p + 2*p**3 + 9. Let l be o(5). What is the tens digit of l/4 - (-8)/(-16)?
2
Suppose -2*n + 85409 = -3*o, -3*o + 5*o - 128107 = -3*n. What is the units digit of n?
3
Suppose s + 2*a - 3601 = 0, 4*s + 7841 = -5*a + 22236. What is the hundreds digit of s?
5
Let z(p) = -1 - 34*p - 2*p**2 + 27*p**3 - 5*p**3 - p**2 + 33*p + p**2. What is the hundreds digit of z(3)?
5
What is the tens digit of (-47 - -15)/(707/236 - 3)?
5
Suppose 2*d = 5*c + 4, -d + 5*c - 4 = -3*d. Suppose 0 = -d*l + 2*s + 326, 0*s = 3*l - s - 481. What is the units digit of l?
9
Suppose 9*n - 130 = 356. Suppose 26*p - n = 17*p. What is the units digit of p?
6
Suppose -w = 4*i - 15821, w - i = 19996 - 4175. What is the hundreds digit of w?
8
Let h(d) = -d**2 + 48*d + 58. Let r be h(29). Suppose r = f + 130. What is the units digit of f?
9
Suppose -3*f = 32 + 13. Let c be 35 + (-6)/((-18)/f). Let v(m) = 10*m - 75. What is the tens digit of v(c)?
2
Let c = -28 - -45. Suppose 3*n = -7*n + 14*n. Suppose 4*f + 5*x - 5 - c = n, -3*x - 14 = -f. What is the units digit of f?
8
Let m = -349 + 1853. Suppose 0 = -3*y - 6, -2*l - 2*y = -m - 1046. What is the thousands digit of l?
1
Let v be (-6)/16*2 + (-185)/4. Let f = v - -82. Suppose 0 = 4*t + f - 155. What is the tens digit of t?
3
Suppose -2*w + x + 21 = 0, 4*x = -4*w - x + 63. What is the tens digit of (170*2/(-8))/((-2)/w)?
5
Suppose 15 = 8*i - 9. Suppose -i*h + h + 272 = 0. Suppose -3*c - 3*m = m - h, -3*c + 2*m = -112. What is the units digit of c?
0
Let a(h) be the second derivative of 7*h**5/5 - h**4/6 + 2*h**3/3 - 11*h**2/2 - h + 24. What is the units digit of a(3)?
9
Suppose 4*x - 311 = -111. Let m = -20 + x. What is the units digit of m?
0
Let v be 549/(-6)*((-308)/6)/(-7). Let f = v - -839. What is the tens digit of f?
6
Let s = 1788 + -1883. Suppose 0*m - m - 50 = 0. Let x = m - s. What is the units digit of x?
5
Let h(j) = j**3 - j**2 + 5*j - 21. Let l be h(6). Suppose -3*t = 3*a - l, 2*a - 75 = a + 5*t. What is the tens digit of -3 + 28/8 - a/(-2)?
3
Suppose 0 = -5*f + 5*a + 205, -f - 2*f = 3*a - 147. Suppose f = -11*x + 364. What is the units digit of x?
9
Let b(u) = u**3 + 44*u**2 - 2*u - 71. What is the tens digit of b(-19)?
9
Suppose 258*p - 298*p = -36960. What is the units digit of p?
4
Let i = -13 + 21. Let f(u) = 21 - 55 + 33 - u**2 + 20*u. What is the tens digit of f(i)?
9
Let s = -5 - -36. Suppose -5*q = -2*m - 92, 9*m - 14*m + s = 2*q. What is the tens digit of ((-70)/21)/(0 + (-2)/q)?
3
Suppose 10 = 2*w, -17*w + 1624 = 3*x - 21*w. What is the tens digit of x?
4
Let s(y) = y**2 - y. Let i(f) = f**3 + 4*f**2 + 16*f + 2. Let u(q) = i(q) + 6*s(q). What is the units digit of u(-8)?
0
Suppose -2*c - 5*q - 255 = -21, -3*q = c + 117. Let l = c + 591. What is the tens digit of l?
7
Let r(k) = 2 - 11*k + 9*k**2 + 16*k**2 + 0 + 12*k. What is the tens digit of r(-2)?
0
What is the thousands digit of 10/3*255/(-170) + (4 - -7193)?
7
What is the thousands digit of (9807*1)/(((-10)/(-10))/1)?
9
Let x(s) = 2*s - 16. Let l be x(9). Suppose -l = -y - 2*b, -8 = -6*y + 2*y + 5*b. Suppose -2*q + v = -201, 1 = -y*v - 9. What is the tens digit of q?
9
Let j = 7 - -8. Suppose 0 = 4*g + 2*a - 88, 3*g + 2*a - 80 + j = 0. What is the units digit of g*((-4)/(-18) - 364/(-63))?
8
Let a be 6/14 - 417/(-7). Suppose 5*t - 54 = -3*b, 5*b + 3*t - 30 - a = 0. Suppose -19*m + 3 = -b*m. What is the units digit of m?
3
Let t = 61 - 64. Let q be -7 - (0/t - 3). What is the tens digit of (q/(-4))/(1/32)?
3
Suppose -1 = -2*l + p + 13, 5*p = 2*l - 22. Let s(w) be the first derivative of -w**2/2 + 24*w + 13. What is the units digit of s(l)?
8
Let u = 239 - 239. Suppose 9*i - 11*i + 74 = u. What is the units digit of i?
7
What is the hundreds digit of -5 + (-14412)/(-34) + 94/799?
4
Let z = 84982 - -3456. What is the hundreds digit of z?
4
Suppose -2*s + 3629 = -4*k - 22513, 0 = 4*s - 4*k - 52300. What is the units digit of s?
9
Let k = 26 + 76. Let v = -177 - -184. Suppose h = 2*r - v*r + 255, -3*h = -2*r + k. What is the units digit of r?
1
Let j = 2 + 12. Suppose 9*v - j*v - 20 = 0. What is the tens digit of 2/(-4) + 202/4 + v?
4
Suppose -95*j = -105*j + 6940. Suppose 2150 = 6*k - j. What is the units digit of k?
4
Suppose -6571 = 10*u + 6719. Let j = u + 2353. What is the units digit of j?
4
Suppose 38*g - 6454 = 12356. What is the tens digit of g?
9
Let h be (-6)/(-4 - 31/(-8)). Let b = -46 + h. What is the tens digit of (-66 - b/1)/(20/(-10))?
3
Suppose -24 = -3*w - 3*k, 6*w = 3*w + 2*k + 29. Suppose -24 = 6*c - 72. Suppose 0 = -w*d + c*d + 157. What is the units digit of d?
7
Let m be (0 + -2)*3/(-2). Suppose m*p + 4 = 5*p. Suppose -k = 7*j - 2*j - 720, 576 = 4*j - p*k. What is the tens digit of j?
4
Let c(q) = -16*q**3 - 3*q**2 + 176*q + 1105. What is the hundreds digit of c(-6)?
3
Let v(o) = 8*o**2 + o + 15132. What is the thousands digit of v(0)?
5
Suppose 3967 + 11307 = 14*i. What is the tens digit of i?
9
What is the tens digit of 2 + -3 + 96/(-40)*32690/(-3)?
5
Let n = 1053 + -277. Let g = 791 + n. What is the thousands digit of g?
1
Let r = -31 + 36. Suppose s - 3 - 2 = 0, -r*s = 5*c + 235. Let h = c + 99. What is the units digit of h?
7
Suppose -4*q = 5*g + 50, -g = -5*q - 2*g - 73. Let y = q + 17. Suppose h - 5*w = -h + 267, y*h + w - 273 = 0. What is the tens digit of h?
3
Let m(c) = -c**2 + 31*c - 79. Suppose -6*a + 213 = 75. What is the hundreds digit of m(a)?
1
Let v = -2881 + 4741. Let p = v - 933. What is the units digit of p?
7
Let j(g) = -g**3 - 9*g**2 - 2*g - 8. Let m be j(-9). Let v be m + -9 + (-7 - (-3 + 1)). What is the tens digit of (-1 - -190) + (-1)/4*v?
9
What is the thousands digit of -2 - 2 - -58101 - (-91)/(-13)?
8
Suppose -205*t + 398*t = 208*t - 827190. What is the hundreds digit of t?
1
Let s be 1/6*-11 - 2/12. What is the tens digit of 280 + 3 - 4/(0 - s)?
8
Let u be (-1)/(-4) + -3*(-3)/12. What is the tens digit of u/2 - 602/(-4)?
5
Let c be ((-78)/15 - 2)*30. What is the hundreds digit of (-7410)/(-16) + 27/c?
4
Suppose 117*w - 506*w + 2678654 = 0. What is the thousands digit of w?
6
Suppose -3*z + 8283 = 8*z. Suppose -z = -24*d + 21*d. What is the hundreds digit of d?
2
Suppose 100 = -42*c + 394. Suppose -3*r + 4*j = -4644, -5*j + 1567 = -6*r + c*r. What is the hundreds digit of r?
5
Let m(j) = 0*j**2 - 2*j**2 - 3 + 3*j + 2*j**3 + j**2 + 0. Let w(g) = 3*g + 17. Let t be w(-5). What is the tens digit of m(t)?
1
Let x = -455 - -451. What is the tens digit of (-10)/(200/(-4590))*x/(-6)?
5
Let c(x) = 662*x - 655. What is the units digit of c(16)?
7
Let y(k) = -9*k**3 + 27*k**2 - 59*k + 10. Let n(o) = -20*o**3 + 55*o**2 - 118*o + 22. Let b(s) = -4*n(s) + 9*y(s). What is the units digit of b(20)?
2
Suppose 3*p - 12 - 6 = -5*b, -b = 3*p - 6. Suppose 4*w - 495 = 3*z + w, -495 = b*z + w. What is the units digit of (-30)/(-3)*z/(-25)?
6
Let r(f) = 6175*f + 72. What is the thousands digit of r(1)?
6
Let x = -3639 - -5111. What is the tens digit of x?
7
Let q = 186 + -176. What is the tens digit of 4 + 4290/21 + q/(-35)?
0
Let v = -4 + -11. Let f be (18/v)/((-18)/120). Suppose 120 = 7*c + f. What is the tens digit of c?
1
Let d = 596 - 804. Let p = 455 + d. What is the tens digit of p?
4
Suppose 241*a - 4169578 = -371900. What is the tens digit of a?
5
Suppose 29*b - 34*b = -6760. Suppose -5*o + 248 = -b. What is the units digit of o?
0
Suppose -16*x = -21*x + 25. Let n(c) = c**3 - 4*c**2 - 5*c + 2. Let f be n(x). Suppose -f*g + 68 = 5*z + g, 4*g = 3*z - 64. What is the tens digit of z?
1
Let w = -254 + -12. Let b be (-3221)/7 + (1056/42 - 25). Let u = w - b. What is the tens digit of u?
9
Let r(t) = -t**2 - 18*t - 20. Let j be r(-20). What is the hundreds digit of (369/(-4))/(j/160)?
2
Suppose -1377*a = -1394*a + 92565. What is the hundreds digit of a?
4
Let p(m) = -498*m - 2243. What is the tens digit of p(-9)?
3
Suppose 122*w - 126*w + 4*v = -21112, 0 = -3*w + 5*v + 15826. What is the thousands digit of w?
5
Let l = 253 - 254. What is the hundreds digit of (l/(-2))/(-